?
2
Suppose 3*v + 12 = 0, -v + 2900 = 2*k - 8580. What is the tens digit of k?
4
Suppose 7*b - 5*b = 0. Suppose b = 4*m + 10*m - 5922. What is the hundreds digit of m?
4
Let c be ((-2394)/(-190))/(6/260). What is the units digit of c/((-77)/(-14) - 5)?
2
Suppose b + 148 = 5*b. Let g be ((-74)/6)/(-19 + 916/48). Let c = b - g. What is the hundreds digit of c?
1
Suppose -3*y - 7 = z - 25, 2*z + 2*y - 20 = 0. Let p(k) = -18 + 6*k - 4 + 60 - 10. What is the tens digit of p(z)?
6
Let m(q) be the third derivative of 223*q**4/24 + 61*q**3/6 + 27*q**2 - q. What is the units digit of m(3)?
0
Let j(x) = 2*x**2 + 8*x + 71. Let v be (-24)/(6/6 - -1). What is the hundreds digit of j(v)?
2
Let x(j) = -1972*j - 2359. What is the units digit of x(-7)?
5
Let x(t) = 2968*t**2 + 275*t - 50. What is the units digit of x(-4)?
8
Suppose 0 = p - 4 + 2. Suppose -1605 = -3*g + 5*v, -p*g + 260 = 2*v - 794. What is the hundreds digit of g?
5
Let m(f) = -169*f - 33 - 593*f - 453*f. What is the tens digit of m(-1)?
8
Let d(n) = 2*n**2 - 87*n - 23. Let a be d(-17). Suppose 6*h - 1014 = a. What is the units digit of h?
8
Let n(y) = -8184*y**3 + y**2 - 11*y - 12. What is the hundreds digit of n(-1)?
1
Suppose 2*q + 4*l - 18 = 0, -2*l - 3*l - 15 = -5*q. Let f be (-5)/(4 - q) - -198. Let d = 342 - f. What is the tens digit of d?
3
Suppose 8*h - 24*h - 1344 = 0. What is the hundreds digit of (131/(-4) + -9)/(3/h)?
1
Let p(n) = n**3 + 9*n**2 - 30*n - 26. Let g be p(-13). Let h = 451 - g. What is the tens digit of h?
6
Let h = -31 - -23. Let j = 8 - h. Let v(q) = 2*q + 11. What is the tens digit of v(j)?
4
Let q = -15120 + 23353. What is the units digit of q?
3
Suppose 4*t + 2*c + 2*c = 472, -4*t - 5*c + 472 = 0. Let f = 199 - t. What is the units digit of f?
1
Let u(a) = -13 + 13*a - 3*a + 3*a + a**2. Suppose 4*p + 5*m + 48 + 20 = 0, 0 = -7*m. What is the tens digit of u(p)?
5
Let m = -35 - -102. Let r = 887 - 915. Let d = m - r. What is the units digit of d?
5
What is the thousands digit of -5*(32472/(-30) - 14)?
5
Let n(i) = i**3 + 11*i**2 - i + 1057. Suppose 2*u = 4*p - 10 - 2, -9 = 3*u - 3*p. What is the tens digit of n(u)?
5
Suppose -5*h = k - 9*h - 20481, k - 3*h - 20484 = 0. What is the thousands digit of k?
0
Suppose -9364 = 6*x - 18419 - 55547. What is the hundreds digit of x?
7
Suppose 0 = 2*t + a - 857, 13*a - 16*a = 15. Suppose 5*c + t - 12 = q, -q + 451 = 3*c. What is the tens digit of q?
3
Let m(y) = -51*y + 30. Let h = 125 + -131. What is the units digit of m(h)?
6
Let c be (9/(-3) - -1) + -250. What is the tens digit of ((-140)/3)/((c/81)/14)?
1
Suppose 4*l - 4*y = y - 44, 4*y - 64 = 5*l. Let w(u) = -u**2 - 15*u + 30. Let d be w(l). Let m(h) = 2*h - 23. What is the units digit of m(d)?
5
Let q = 65136 + -26538. What is the thousands digit of q?
8
Suppose 0 = 10*n - 20483 - 44797. What is the hundreds digit of n?
5
Let x(s) = -194*s + 2197. What is the hundreds digit of x(-14)?
9
Let g(u) = 1331*u**2 + 104*u + 68. What is the thousands digit of g(-5)?
2
Suppose 196 + 464 = -20*w. Let g = w + 238. What is the hundreds digit of g?
2
What is the thousands digit of (27452/3)/(7/21)?
7
Suppose -16*y = -7*y - 333. Suppose 4*d - 41*x - 264 = -y*x, 0 = d + 2*x - 60. What is the tens digit of d?
6
Let t be (570/171)/((-4)/(-6)). What is the units digit of 465 + (3 - t/(5 + -10))?
9
Let w be ((400/3)/(-2))/((-30)/3645). Suppose -10*f + w = 5*f. What is the units digit of f?
0
Let o = -189 - -93. Let k = -17 - 13. Let s = k - o. What is the tens digit of s?
6
Let q(v) = -6442*v + 166. What is the units digit of q(-1)?
8
Let h(q) = -3*q**2 - q + 127. Let v(f) = 15*f**2 - 2*f + 1. Let i be v(2). Let l = i + -57. What is the tens digit of h(l)?
2
Let m = -294 - -465. Suppose -3*f + 423 + m = 0. Suppose -f = -3*v - 3*l, 60 = -2*v - 4*l + 190. What is the tens digit of v?
6
Suppose 8*z - 1272 = 5*z + 3*h, 9 = 3*h. Suppose j - 5*a = 289, -2*j + 183 = -2*a - z. What is the hundreds digit of j?
3
Let z be 304/22 - 2/11*-1. What is the tens digit of 2 + ((-34)/119 - (-1474)/z)?
0
Suppose 6 = -2*a - 24. What is the tens digit of 20/a + (-4955)/(-15)?
2
Let c(u) = u**3 + 4*u**2 - 25*u + 7. Let k be c(-8). Let w = k + 45. What is the units digit of (-5 - w) + 0 - -87?
6
Suppose 0 = -3*w, -7 = 2*i - w + 29. Let n be (-310)/i + 10/(-45). Suppose -2*o = 15 - n. What is the units digit of o?
1
Let a = 0 + 6. Let g(u) = 14*u**2 - 2*u + 12. Let y be g(a). Suppose -9*v + 12*v - y = 0. What is the tens digit of v?
6
Let f be 6 - (-9 + 18 + 14). What is the hundreds digit of 17 - (-8 - f) - -1583?
5
Let v be -3 + 6 + -2 - (-5 - 2). Let i be (-171)/(-2) + (-4)/v - 2. Suppose -2*j = -25 - i. What is the units digit of j?
4
Let p(j) = 2*j**2 + 45*j + 11. Let s be p(-27). What is the hundreds digit of s/(1 + (-4)/(-4))?
1
Suppose -2555*x + 2539*x = -128016. What is the tens digit of x?
0
Suppose -7*m + 507 - 4693 = 0. Let q = -174 - m. What is the tens digit of q?
2
Let o(k) = 108*k**3 + 49*k**2 - 206*k + 11. What is the tens digit of o(4)?
8
Let o(u) = 7*u**2 + 28*u + 88. Let l be o(-5). Suppose 2*q + 4 = 3*q. Suppose q*r - l = 133. What is the tens digit of r?
6
Suppose 0 = 3*p + 3*k - 15, 2*p - 1 = 3*p - 5*k. Suppose p*u = 8*u - 20. What is the tens digit of (u - 4)*(83 - 1)?
8
Suppose 9*f = 3*f - 24. Let q(g) = 19*g**2 - 6*g + 5. What is the hundreds digit of q(f)?
3
Let h be 6*(8/3 - 2). Suppose 81 = 4*v - v + 2*g, -h*g - 157 = -5*v. What is the units digit of v?
9
Suppose 973 = 10*p - 3*p. Suppose 3*v + 26 = -p. Let b = -42 - v. What is the tens digit of b?
1
Let l = 42703 - 4922. What is the ten thousands digit of l?
3
Suppose 5*s + 3*k - 4413 = 0, -13*k - 4414 = -5*s - 17*k. What is the units digit of s?
2
Suppose -12*r - 2*r + 12306 = 0. Let d = r + -597. Suppose -5*m + 338 = -d. What is the units digit of m?
4
Let q be 4 + 1 + -2 + -1. Suppose 396*x = 399*x - 12. Suppose -3*d + x*f = 6*f - 536, q*d + 5*f = 372. What is the hundreds digit of d?
1
Suppose 162*b + 48388 = 164*b - 3*f, -b = -3*f - 24191. What is the thousands digit of b?
4
Suppose -9122 = -261*v + 271*v - 49662. What is the tens digit of v?
5
Let p be -1 + 69 + (4 + 3)/7. What is the tens digit of (3 + -2)/((3/p)/1)?
2
Suppose o + 8973 = 4*x, 0 = -x + o + 1712 + 535. What is the units digit of x?
2
Suppose 0 = -5*j - 2*x - 13, 5*x = -j + 2*x. Let m be 7 + 2/(1 - (-5)/j). What is the tens digit of -12*m*2/(-6) - 0?
1
Suppose -258*u = -263*u + r + 213954, r = 3*u - 128374. What is the ten thousands digit of u?
4
Let j = 5016 + -2708. Suppose j = -12*n + 7948. What is the tens digit of n?
7
Suppose 0 = 5*t - 10, 0 = u + 9*t - 6*t - 9. Suppose -4749 = -u*f + 954. What is the units digit of f?
1
Let u(r) = -8*r**2 - 59*r - 30. Let c be u(-7). What is the thousands digit of (0 - 3)*(4986 - 9)/c?
1
Let y(g) = 4*g**2 - 25*g + 38. Let f(p) = 2*p**2 - 12*p + 19. Let j be -3 + (3 - 3 - -1). Let d(w) = j*y(w) + 5*f(w). What is the tens digit of d(9)?
9
Let w = -98 - -46. Let o = 57 + w. Suppose 4*l = o*k - 408, -4*k + k - 2*l = -258. What is the tens digit of k?
8
Let z be (-16156)/42*6*13/(-4). Suppose -17*f + z = 1075. What is the tens digit of f?
7
Let a be 18/5 + -4 + 868/20. Let x = 40 - a. What is the tens digit of x/(-9) - 1956/(-18)?
0
Let r(g) be the first derivative of 57*g**2 + 15*g - 54. What is the hundreds digit of r(3)?
3
Let a = 10711 + -4938. What is the units digit of a?
3
What is the hundreds digit of (-2 - -3)*(-259)/(-14)*306?
6
Suppose -i + 2*r + 294 = 0, 0 = -2*i + 7*r - 2*r + 588. What is the hundreds digit of 4 + i - (3 - 0)?
2
Suppose 163*i = 2441164 - 704172 + 2736543. What is the hundreds digit of i?
4
What is the units digit of 6 + 1616220/38 + 48/(-456)?
8
Let w(j) = 360*j**2 - 118*j - 157. What is the tens digit of w(12)?
6
Suppose -4*h - 13*u = -8*u - 3, 5*u - 9 = -2*h. What is the hundreds digit of h + 7 - (-392 - -6)?
3
Suppose 4*d - 31979 = -2*t + 59967, -91958 = -4*d + 2*t. What is the units digit of d?
8
Let k(h) = 370*h + 2131. What is the units digit of k(9)?
1
Let f(n) = 9043*n + 27. What is the tens digit of f(1)?
7
Suppose 923620 - 7052035 = -255*w. What is the ten thousands digit of w?
2
Let m(t) = 1149*t + 1316. What is the hundreds digit of m(6)?
2
Let a(g) = 829*g**2 - 3*g - 7. Let u(m) =